hat is -aac + -362cb?
-370aa
In base 6, what is -301 - 44144235?
-44144540
In base 10, what is 53 - -155450?
155503
In base 8, what is -4 - -5156562?
5156556
In base 2, what is -1010 + -101010111111010010111100?
-101010111111010011000110
In base 14, what is -2 - -500c99?
500c97
In base 3, what is 10211002120201201 + -110?
10211002120201021
In base 11, what is -372 + -30a7a?
-31341
In base 6, what is -1450132241 - 3?
-1450132244
In base 10, what is 382 + 440?
822
In base 12, what is -1071948 + -10?
-1071958
In base 4, what is -10 + -10200323020?
-10200323030
In base 16, what is 3 + 462f83?
462f86
In base 11, what is 805802 - -19?
805820
In base 8, what is 11 + 6753?
6764
In base 11, what is 4 - 39261003?
-39260aaa
In base 10, what is 2 - 2559473?
-2559471
In base 16, what is -18326 - -a42?
-178e4
In base 2, what is 1011001011 - -1000101?
1100010000
In base 9, what is 2168 + -11155?
-7876
In base 3, what is -121121011 + -1211111?
-200102122
In base 6, what is -2500043 - 31120?
-2531203
In base 7, what is -100120 - -1322?
-65465
In base 9, what is -745788 - -18?
-745770
In base 11, what is -129 - 74a67?
-75095
In base 10, what is -6 + -23272499?
-23272505
In base 7, what is 4056 - -23314?
30403
In base 3, what is 0 + 11201110100111012?
11201110100111012
In base 10, what is -7 - -769887?
769880
In base 2, what is 1010111011000101110 + -110100000?
1010111010010001110
In base 9, what is 10246 - -2408?
12655
In base 12, what is -1 - 1015b2a?
-1015b2b
In base 15, what is -11d71bb + 6?
-11d71b5
In base 7, what is -102 + -546640?
-550042
In base 2, what is 101 - -1111000010000010000?
1111000010000010101
In base 6, what is -4 - 204530021?
-204530025
In base 5, what is 10 - -24324130403?
24324130413
In base 7, what is 3 - -42362024?
42362030
In base 3, what is -1022121220002 + -11222?
-1022122002001
In base 12, what is a621 + -7bb2?
262b
In base 9, what is 3 + -3718566?
-3718563
In base 5, what is -34021420111 - -11?
-34021420100
In base 11, what is 4 + 2229235?
2229239
In base 2, what is -11 - 10001010100011010001010010?
-10001010100011010001010101
In base 11, what is 513643 - 15?
513629
In base 13, what is 456b + 238?
47a6
In base 8, what is -1562303 + -305?
-1562610
In base 12, what is -4a08 - 1039?
-5a45
In base 13, what is 8c602 + -14b?
8c484
In base 16, what is -33de + -6d5?
-3ab3
In base 9, what is -1326182484 + 4?
-1326182480
In base 14, what is -b + -343b14?
-343b21
In base 13, what is -834 - 5294?
-5ac8
In base 10, what is 77227767 + 4?
77227771
In base 13, what is -7707cc9 + -9?
-7708005
In base 7, what is -26 - -104324202?
104324143
In base 5, what is -10014032 - 21?
-10014103
In base 7, what is -63521565 - 105?
-63522003
In base 16, what is 3362b - -fc?
33727
In base 2, what is -10010000000000101000110 - -10?
-10010000000000101000100
In base 4, what is 11 + -102330332232?
-102330332221
In base 4, what is -1330121110 - 13?
-1330121123
In base 8, what is -4 + -262517?
-262523
In base 14, what is 131ca - -273?
1345d
In base 12, what is -12716924 - 0?
-12716924
In base 13, what is b4a1a - -64?
b4a81
In base 8, what is -23366465 + -5?
-23366472
In base 6, what is -13055 - -11104421?
11051322
In base 2, what is 1000000 + -11101010000001111?
-11101001111001111
In base 6, what is -3 + 114411445442?
114411445435
In base 10, what is 5555282 - 40?
5555242
In base 11, what is -2a9 - -20949?
20650
In base 2, what is -11 - -10111100011000001100101101?
10111100011000001100101010
In base 10, what is 62158 - -91?
62249
In base 14, what is 1 + 12ab247?
12ab248
In base 11, what is 13 + 154a215?
154a228
In base 13, what is -318259 + 1?
-318258
In base 16, what is 8c1851b - 3?
8c18518
In base 12, what is -172 + -7570?
-7722
In base 12, what is 71b + 8011?
8730
In base 5, what is -141 + 130134024?
130133333
In base 9, what is 1724 - -3402?
5226
In base 13, what is -32c25 + -1291?
-341b6
In base 15, what is 27d - 5c3b?
-59ad
In base 13, what is -13c - 1c148?
-1c287
In base 16, what is -4 - -4fc7c8?
4fc7c4
In base 13, what is 59a9c + 91?
59b60
In base 12, what is -298 + 11582?
112a6
In base 4, what is 1020323 + 3313?
1030302
In base 5, what is -13022244 + 112?
-13022132
In base 11, what is -133080a0 + 3?
-13308098
In base 5, what is -21210 - -41341444?
41320234
In base 8, what is 47116 + 1540?
50656
In base 10, what is -13064 - -8912?
-4152
In base 10, what is 1724 + -2387?
-663
In base 16, what is -1a5df8 - 4?
-1a5dfc
In base 4, what is -3311032 - 3011?
-3320103
In base 2, what is -111000011111001101100100 + -1111?
-111000011111001101110011
In base 4, what is 100322 + -2033312?
-1332330
In base 9, what is -1401126 - -25?
-1401101
In base 16, what is 5 - -1c44d2?
1c44d7
In base 13, what is a5c + -194a?
-bbb
In base 3, what is -11 - -1020202000102121?
1020202000102110
In base 10, what is -33 - -773894?
773861
In base 12, what is -b9596857 + 1?
-b9596856
In base 2, what is 1010100011000010 - -1001?
1010100011001011
In base 11, what is 31 + 39a85?
3a006
In base 11, what is 28 + -4419127?
-44190aa
In base 10, what is 23622 + -303?
23319
In base 4, what is -10130120 + -13323?
-10210103
In base 7, what is 36262512 - -46?
36262561
In base 3, what is 1000120 + 22101210012?
22102210202
In base 14, what is c527475 + 1?
c527476
In base 6, what is 10 + -12305120?
-12305110
In base 4, what is 121131022110 - 130?
121131021320
In base 13, what is 891c + -1a537?
-11918
In base 7, what is -60363 + -3220?
-63613
In base 13, what is 2 - -43c3c4?
43c3c6
In base 7, what is 24260024 + 2?
24260026
In base 15, what is -bc - 7d54?
-7e21
In base 11, what is -14648 + -5429?
-19a76
In base 13, what is 47 - 52049?
-52002
In base 14, what is -3b + 47cba?
47c7d
In base 16, what is -7604a9d - 4?
-7604aa1
In base 5, what is 4 + 133421104?
133421113
In base 14, what is 3c2 + 5d390?
5d772
In base 8, what is 3423 - 5562?
-2137
In base 2, what is -1011110111110100 + 10001101?
-1011110101100111
In base 4, what is -3 - 303122030?
-303122033
In base 2, what is -100 + -100010100010110000011110010?
-100010100010110000011110110
In base 4, what is -312222033210 - -1?
-312222033203
In base 3, what is -2012012021211 - 101110?
-2012012200021
In base 14, what is 71a04 + 33?
71a37
In base 13, what is 86 + -13a8b6b?
-13a8ab5
In base 15, what is -1 - 73c2075?
-73c2076
In base 6, what is 3420422 + -501?
3415521
In base 14, what is 3b - -37509?
37546
In base 15, what is 99 - -1338d?
13437
In base 4, what is 222323 - -210302?
1033231
In base 2, what is 111011011101 + 10101111011100?
11101010111001
In base 11, what is -3 - -931a7762?
931a775a
In base 15, what is 481 - -8219?
869a
In base 8, what is 2745 + -1407322?
-1404355
In base 10, what is 24 + 869226?
869250
In base 14, what is -2191 + 192?
-1ddd
In base 4, what is -11112102 + 200223?
-10311213
In base 9, what is -83 + -3644287?
-3644381
In base 11, what is -44 + 426?
392
In base 14, what is 14ad - -1b72?
3241
In base 2, what is -100 - -11111101111100111?
11111101111100011
In base 12, what is 1a + -1305170?
-1305152
In base 7, what is -66 - -32430303?
32430204
In base 10, what is 1904854 + -1?
1904853
In base 12, what is -1bbb027 - 2?
-1bbb029
In base 5, what is -114021320 - 23?
-114021343
In base 4, what is 122201 + 3012331?
3201132
In base 13, what is -55c5c2a - 3?
-55c5c30
In base 10, what is -46287 - 536?
-46823
In base 16, what is a6 + 76203?
762a9
In base 14, what is 17 + 18115?
1812c
In base 11, what is -1167 - -108339?
107182
In base 11, what is 18470a - a72?
183748
In base 3, what is 100211001202 + 20200?
100211022102
In base 4, what is -2 + -1322022321200?
-1322022321202
In base 2, what is 1001011101010101011101 + -1111?
1001011101010101001110
In base 3, what is -101200222 + 1020210?
-100110012
In base 10, what is -114 - -278583?
278469
In base 16, what is 7e58c89 + 3?
7e58c8c
In base 14, what is 10822a + b?
108237
In base 14, what is -18b419 + 1?
-18b418
In base 15, what is -2c228 - 1c6?
-2c3ee
In base 3, what is -101020 + -10222120212222?
-10222121021012
In base 5, what is -13431 + 103213?
34232
In base 7, what is -1 - 2410110232?
-2410110233
In base 16, what is -21a49b6 + 5?
-21a49b1
In base 6, what is -151324021 + 2?
-151324015
In base 15, what is 2 + c3444?
c3446
In base 8, what is 1 + 3476013?
3476014
In base 6, what is 133213015 - -4?
13321302